 of w?
3
Suppose -33*s + 7507 = 5*w - 37*s, -4*w = 5*s - 5940. What is the hundreds digit of w?
4
Suppose 2*j - j + l - 8802 = 0, j - 2*l - 8787 = 0. Suppose -12*p + j = 7*p. What is the hundreds digit of p?
4
Let q be ((-68)/(-8))/(3/252). What is the tens digit of (1 + (-2 - 2))*q/(-63)?
3
Suppose 2*k - 62474 = -18*s + 16*s, 2*s - 2*k - 62446 = 0. What is the units digit of s?
0
Let o = 483 - 1464. Let h = -698 - o. Suppose 78 = -5*f + h. What is the tens digit of f?
4
Let l = 8405 + 24190. What is the hundreds digit of l?
5
What is the units digit of 5*2 + 6 + -11 + (1 - -1058)?
4
Suppose 26*r = -30*r + 520072. What is the hundreds digit of r?
2
Suppose 31*l - 204898 = -75*l. What is the thousands digit of l?
1
Let g be (368/(-3))/(4/(-18)). Let h be (1/14*(14 + -8))/(1/7). Suppose -2*r + 274 = -2*d, h*r + 4*d + 148 = g. What is the units digit of r?
6
Let y = -170 - -112. Let v = 28 + y. Let i = v + 88. What is the units digit of i?
8
Let y be -3*(2 + (-1 - 13)). Suppose 39*z = 51*z - 60. Let f = z + y. What is the tens digit of f?
4
Let m = -113 + 130. Suppose -m*h + 105 + 133 = 0. What is the units digit of h?
4
Suppose 0 = 5*r - 10, 0*r - 3*r = 4*m - 102. Let z be m/(-156) + 128/(-13). What is the tens digit of (124/z + -2)/((-2)/15)?
0
Let d = -118627 - -169599. What is the ten thousands digit of d?
5
Suppose -256*c + 128*c + 161*c - 173118 = 0. What is the thousands digit of c?
5
What is the units digit of 1321434/621 + (-2)/(-23) + 0?
8
What is the tens digit of (-36761 - -463)*((-3)/2 + 0)?
4
Let d = -250 + 250. Suppose -3*w - 3*a + 2205 = d, 2*w = 42*a - 45*a + 1473. What is the tens digit of w?
3
Let w(d) = d**3 - 45*d**2 - 29*d + 186. Let s = -203 - -249. What is the tens digit of w(s)?
6
Suppose 6 = -32*o + 26*o. What is the tens digit of (80/24 - 3)/(o/(-678))?
2
Suppose 5*y = -w + 8, 32*w = 29*w - 4*y + 79. Suppose 0 = w*c - 10*c - 33327. What is the hundreds digit of c?
4
What is the thousands digit of 6/(-27) + 211186/207?
1
Suppose 90*p - 45*p - 251505 = 0. What is the units digit of p?
9
What is the ten thousands digit of (-3 + 7 - -60)*(-5595)/(-75)*5?
2
Suppose 2*i - 70*p = -68*p + 7880, -2*i + 4*p + 7880 = 0. What is the hundreds digit of i?
9
Let d be 818/(-12) - 2/(-12). Let z = d + 203. What is the hundreds digit of z?
1
Suppose 6*i - 73960 = i + 2*x, 2*i + 3*x = 29603. Suppose -12*h + i = 14*h. What is the hundreds digit of h?
5
Suppose -5*g = 3*p + 276, g = 6*p - 3*p - 66. Suppose -x + 2*a + 260 = x, -4*x + 518 = -3*a. Let h = x - g. What is the units digit of h?
5
Let y be (-105)/42 + (-2)/(-4). What is the units digit of (y - -2) + 5 + 1 + 146?
2
Let x be (-1 - -1)/(2/1). Let z = x + 5. What is the tens digit of (-2)/z + 8398/95?
8
Let l(b) = 12*b**3 - 11*b**3 - 16*b - 22 + 5 + 14*b**2. What is the tens digit of l(-14)?
0
Let n = -48 + 50. Suppose 2*g = -3*l + 543, l = -n*g - 3*g + 1351. Let k = g + -150. What is the tens digit of k?
2
Suppose j - 3*l - 3 - 15 = 0, -46 = -3*j + l. What is the hundreds digit of j/(-2)*4/6*-110?
5
Let p(x) = -97*x - 47. Let h(j) = -j**2 - 32*j + 136. Let b be h(4). What is the tens digit of p(b)?
2
Let t(x) = 77*x + 12. Let m be t(6). What is the units digit of -2 + m - (-3 - -5)?
0
Suppose -8437 = -5*y + 6128. Suppose -4*v - 449 = -y. Suppose -6*g = 2*g - v. What is the units digit of g?
7
Suppose 0 = 19*b - 21*b - 110. What is the units digit of (-3 - 175/b) + (-5322)/(-11)?
4
Let b(o) = o**3 + 52*o**2 - o + 134. What is the ten thousands digit of b(-46)?
1
Suppose -3*b + 5*f = -17558 - 66674, -112291 = -4*b + 3*f. What is the hundreds digit of b?
0
Let r = 67826 + -47716. What is the units digit of r?
0
Let c(k) = -9*k + 41 + 50 - 4*k**3 - 10*k**2 + 48 - 134. What is the hundreds digit of c(-7)?
9
Let v(b) = -2*b - 14. Let i be v(-7). Suppose -11*k + 0*k + 396 = i. Suppose 0 = 5*c + 4*z - 158, k = c - 0*z + 3*z. What is the units digit of c?
0
Let d be 2/8 + (-3954)/(-24). Let h(u) = 4 - d*u + u**2 + 85*u + 84*u + 2*u**3. What is the units digit of h(3)?
9
Let m(o) = 2*o**2 - 27*o - 75. Let j be m(16). What is the hundreds digit of (858/j)/((-52)/(-390))?
2
Let s(m) = 1790*m - 294. Let n be s(6). Suppose 5*t - 3*j + 2775 = n, -2*j - 3066 = -2*t. What is the units digit of t?
6
Suppose -242*r + 293*r - 871029 = 0. What is the ten thousands digit of r?
1
Suppose 0 = -5*p + 3*f + 1375, -p + 2*f = -4*p + 825. Let t = p + -20. Suppose t = 2*c + 3*h + 42, -2*c = 5*h - 223. What is the tens digit of c?
9
Let y(d) = 3*d + 7. Let l be y(-6). Let r(v) = -v**2 - 16*v + 15. Let i be r(l). Suppose -77 - i = -u. What is the units digit of u?
7
Let u(g) = 264*g**2 + 5. Let v be u(2). Let k = v + -442. What is the units digit of k?
9
Let g(b) be the second derivative of b**5/60 - b**4/12 - b**3/3 + 37*b**2/2 - 36*b. Let v(r) be the first derivative of g(r). What is the units digit of v(5)?
3
What is the units digit of 3492600/48 + -6 + (-70)/(-20)?
0
Suppose -144*j + 100699 + 9994 = -102859. What is the tens digit of j?
8
Suppose 2*y - 46954 = -4*l, -3624*l = 3*y - 3620*l - 70443. What is the ten thousands digit of y?
2
Let c be 0 + -2 + 8 - 4/2. Suppose 5*l - 2*s = 2177, 0 = -l - 2*l + c*s + 1295. What is the units digit of l?
7
Let d be (23 - 24) + 10/(-4)*532. Let r = d + 2210. What is the tens digit of r?
7
Let w = 443 + -446. What is the hundreds digit of w/(-1) + -14*(-1 - 47)?
6
Let h be 3 - (-248)/(-48) - 2/(-12). What is the tens digit of (-357)/(h - 1) + 30/(-30)?
1
Let l(t) = 26*t - 175. Let i be l(8). Let k(r) = 2*r**2 - 59*r - 52. What is the hundreds digit of k(i)?
1
Let z(k) = k**3 + 2*k**2 - 55*k + 68. What is the ten thousands digit of z(22)?
1
Let g(d) = -2*d + 8. Let n be (3/(-6))/(1/12). Let i be g(n). Suppose 5*p = -i + 430. What is the units digit of p?
2
Suppose 88*f - 85*f = 4*l - 48018, 0 = 3*l + f - 36033. What is the tens digit of l?
0
Let v be ((-11)/11)/(1 + 0) - -1324. Let w = -811 + v. What is the units digit of w?
2
Suppose -23*u - 30 = 16. Let n(d) = -45*d**3 + d**2 - 6*d - 7. What is the units digit of n(u)?
9
What is the hundreds digit of -2 + (21/(-3) - -258) + 8?
2
Suppose -63380*g + 63379*g = -22418. What is the ten thousands digit of g?
2
Suppose -3*h + 2*w = -243, 4*h - w - 325 = 2*w. Let k(g) = 14*g**2 + h*g**2 + g + 32*g**2. What is the tens digit of k(-1)?
2
Suppose -g = s - 3*g - 14, -5*g = 4*s - 4. Suppose w = -w + s. Suppose w*d - 63 = 48. What is the tens digit of d?
3
Suppose 16*u = 9*u + 42. Suppose 320 - 1592 = -u*w. Suppose -2*d + 4*l - w = -4*d, -2*d + 4*l + 252 = 0. What is the hundreds digit of d?
1
Let a be 0/((-1 + 2 + -2)/1). Suppose -3*w + 8*w + x - 16 = 0, 3*w - 5*x - 4 = a. Suppose -w*h - 24 = -4*j + h, j - 3*h - 10 = 0. What is the units digit of j?
4
Suppose 0 = 4*f + 5*v - 85, 0 = 3*f - 0*v + v - 72. Suppose -5*j + f = 0, t + 4*j = 7*j + 92. What is the hundreds digit of t?
1
Let u be 0/2*11/11. Suppose 3*x + 4*v + 0*v = 2, u = 5*x + 4*v - 6. What is the tens digit of 65 + (5 - 8 - (3 - x))?
6
Let o = -61 - -64. Suppose -a = -o*a + 2*r + 278, 417 = 3*a + r. Let b = -4 + a. What is the units digit of b?
5
Suppose 19*d + 13*d = 0. Suppose d = 49*f - 42*f - 3255. What is the units digit of f?
5
Let k = -466 + 660. Let n be 86 - -16 - (-3)/((-9)/(-3)). Let v = k - n. What is the tens digit of v?
9
Suppose -66*s - 4*q = -65*s - 5386, -5418 = -s + 4*q. What is the units digit of s?
2
Suppose 1508701 = 64*w + 384190 - 1112737. What is the units digit of w?
7
Let n = 48484 - 6197. What is the thousands digit of n?
2
Suppose 5*j = -4*s + 62309, 0*s - 46724 = -3*s + 4*j. What is the units digit of s?
6
Let d(r) = -3*r + 52. Let f be d(17). Suppose o + 5 = a, f = -2*o - 1. What is the tens digit of 3 - (-136)/(a/4)?
3
Let o(a) = 2*a**2 + 35*a + 79. Let t be o(-15). Suppose -t*y = 2*y - 8724. What is the tens digit of y?
5
Suppose -2*z + 68300 = 2*y, 3*y + 5*z - 162104 + 59650 = 0. What is the ten thousands digit of y?
3
Suppose 48*y = 51*y - 105. Let t = y + -13. Suppose -t + 88 = 3*w. What is the units digit of w?
2
Let s(v) = 5*v**3 + 4*v**2 - v + 16. Let g = -440 - -444. What is the units digit of s(g)?
6
What is the tens digit of (-11064)/(-16)*(-1152)/(-54)?
5
Let m be 4/9*-3*(-21)/2. Suppose -n - 16 = -5*n, -n + 12 = 4*b. What is th